rt -7840 (base 10) to base 3.
-101202101
Convert -376 (base 11) to base 6.
-2022
Convert 333 (base 4) to base 3.
2100
What is -8724 (base 9) in base 8?
-14425
65d (base 15) to base 7
4123
Convert 111010110011 (base 2) to base 14.
152b
What is -111524 (base 8) in base 11?
-26378
What is -7aa0 (base 12) in base 16?
-3558
8aa5 (base 11) to base 15
3833
7120 (base 11) to base 5
300320
Convert 12110120 (base 3) to base 12.
2380
What is 1172 (base 8) in base 14?
334
13f3 (base 16) to base 8
11763
255 (base 12) to base 7
1013
-25101 (base 8) to base 13
-4c01
-3a4 (base 12) to base 9
-677
-7436 (base 12) to base 7
-52032
2503 (base 6) to base 13
384
What is -4163 (base 7) in base 11?
-1113
b87 (base 14) to base 12
1397
Convert 11154 (base 7) to base 6.
21040
-82 (base 15) to base 12
-a2
-a3 (base 16) to base 9
-201
What is 6190 (base 10) in base 11?
4718
1011 (base 7) to base 15
186
-10001010110 (base 2) to base 8
-2126
What is 57270 (base 9) in base 3?
1221022100
Convert 9c9 (base 15) to base 3.
10001000
What is -1011111001100110 (base 2) in base 10?
-48742
6855 (base 16) to base 6
323353
338 (base 11) to base 6
1512
What is -143110 (base 5) in base 8?
-13616
Convert 1002200111 (base 3) to base 7.
120043
Convert -1300002 (base 4) to base 11.
-5429
What is 2210200 (base 3) in base 15?
913
1aeb (base 16) to base 11
51a5
What is -365 (base 11) in base 9?
-532
-2b66 (base 12) to base 13
-2439
1011211 (base 3) to base 12
5b7
-972 (base 14) to base 12
-10b4
-77 (base 10) to base 13
-5c
What is 2c2 (base 16) in base 11?
592
2a94 (base 14) to base 5
220303
-12a9 (base 11) to base 13
-a02
What is -498 (base 11) in base 6?
-2423
-430 (base 7) to base 16
-d9
1013 (base 10) to base 12
705
Convert 12014 (base 9) to base 7.
32263
152 (base 10) to base 5
1102
What is d31c (base 14) in base 12?
18bba
87e (base 15) to base 14
9b1
What is 346a (base 12) in base 6?
43014
Convert 112100 (base 3) to base 10.
387
20c (base 13) to base 16
15e
What is 1af (base 16) in base 5?
3211
19b7 (base 13) to base 7
14164
-816 (base 12) to base 15
-530
Convert -3402112 (base 5) to base 8.
-164411
Convert -2054 (base 6) to base 3.
-122021
What is 4b2 (base 16) in base 7?
3335
What is -a43 (base 12) in base 15?
-696
Convert 8174 (base 11) to base 6.
122122
What is -22101202 (base 3) in base 4?
-1133222
Convert -350a (base 12) to base 7.
-23146
What is 4144 (base 16) in base 5?
1013313
What is -4536 (base 7) in base 13?
-996
Convert 8733 (base 13) to base 2.
100100101110001
What is -13d3 (base 16) in base 2?
-1001111010011
-444412 (base 6) to base 8
-110670
What is -11100110011 (base 2) in base 4?
-130303
-125200 (base 7) to base 6
-300234
Convert 13264 (base 13) to base 16.
8af4
Convert -1252 (base 15) to base 5.
-111102
-1516 (base 8) to base 9
-1140
Convert -1117 (base 9) to base 12.
-58a
51 (base 10) to base 6
123
What is 111001000111 (base 2) in base 7?
13441
-1472 (base 10) to base 14
-772
Convert -34555 (base 8) to base 3.
-202011111
What is 13402 (base 6) in base 5?
31330
What is -10282 (base 12) in base 9?
-31868
-20 (base 14) to base 9
-31
Convert 1191 (base 10) to base 9.
1563
43217 (base 8) to base 15
5543
1cf (base 16) to base 13
298
Convert 512 (base 6) to base 14.
d6
Convert -1e7a (base 16) to base 6.
-100042
What is -22 (base 9) in base 13?
-17
What is -2000 (base 4) in base 7?
-242
-10210002 (base 3) to base 6
-20432
1959a (base 13) to base 14
13d7c
-147 (base 8) to base 10
-103
2089 (base 11) to base 12
171b
Convert d4 (base 14) to base 13.
114
Convert -2011002 (base 3) to base 9.
-2132
-6a30 (base 11) to base 5
-243404
123 (base 7) to base 14
4a
-476 (base 9) to base 13
-243
Convert 1520 (base 10) to base 14.
7a8
-102430 (base 5) to base 13
-1786
-300314 (base 6) to base 14
-878a
2300101 (base 4) to base 13
519a
101111111111110 (base 2) to base 15
7434
-2ddd (base 14) to base 10
-8231
Convert -441142 (base 5) to base 4.
-3231010
Convert 3102 (base 4) to base 3.
21210
What is 4e3 (base 16) in base 2?
10011100011
What is -16045 (base 10) in base 15?
-4b4a
224340 (base 5) to base 15
25ea
What is 10022 (base 3) in base 5?
324
What is 3d7 (base 15) in base 14?
469
What is -7eb (base 15) in base 2?
-11100000100
-1121222 (base 3) to base 2
-10010100011
Convert 230344 (base 5) to base 3.
102021121
-18a85 (base 12) to base 9
-54462
What is da6 (base 14) in base 15?
be9
What is -1424221 (base 5) in base 10?
-29936
What is 2177 (base 9) in base 14?
82d
What is -110301 (base 4) in base 13?
-7b3
-76 (base 8) to base 5
-222
What is 1010100100110 (base 2) in base 4?
1110212
1c006 (base 13) to base 15
11421
-30 (base 12) to base 5
-121
What is 110021 (base 4) in base 3?
1202202
-1e2 (base 16) to base 11
-3a9
What is -9441 (base 11) in base 16?
-30dc
Convert -110003 (base 4) to base 13.
-779
-104 (base 9) to base 10
-85
Convert 3142 (base 8) to base 14.
84a
Convert 1056 (base 7) to base 6.
1440
Convert -13345 (base 6) to base 4.
-200201
-1303 (base 4) to base 12
-97
-62 (base 11) to base 15
-48
-4522 (base 6) to base 16
-422
What is 4712 (base 14) in base 11?
9320
Convert -1232110 (base 6) to base 3.
-10101022120
What is -1101010101 (base 2) in base 8?
-1525
What is -1c3a (base 13) in base 16?
-10b2
What is -2202021 (base 3) in base 2?
-11111010101
What is 16773 (base 8) in base 10?
7675
63 (base 11) to base 5
234
-3347 (base 10) to base 8
-6423
What is -145044 (base 6) in base 13?
-6532
What is -1010000000 (base 2) in base 12?
-454
What is 445111 (base 7) in base 15?
18454
100202 (base 4) to base 9
1405
Convert 17170 (base 8) to base 13.
3720
Convert -555420 (base 6) to base 5.
-2442341
What is 5b7 (base 13) in base 14?
511
What is 114240 (base 5) in base 12?
2600
What is 10427 (base 9) in base 4?
1223332
-1000110110001 (base 2) to base 12
-2755
-2302022 (base 4) to base 2
-10110010001010
What is 368 (base 15) in base 9?
1048
71747 (base 8) to base 5
1422141
-13c (base 14) to base 6
-1054
Convert 340 (base 13) to base 12.
3a7
-4b30 (base 12) to base 16
-2154
Convert -1140 (base 6) to base 2.
-100010100
-245462 (base 7) to base 12
-22185
Convert -15c (base 13) to base 8.
-366
-159 (base 11) to base 8
-271
-136415 (base 7) to base 15
-7bbb
What is -1509 (base 10) in base 7?
-4254
What is 3105 (base 9) in base 8?
4341
What is 11011011101 (base 2) in base 10?
1757
What is 163073 (base 8) in base 2?
1110011000111011
What is -42887 (base 9) in base 16?
-6f0d
Convert -113221 (base 5) to base 10.
-4186
ea (base 16) to base 10
234
Convert 507 (base 16) to base 11.
a70
Convert -20436 (base 7) to base 2.
-1001110100001
Convert -342 (base 13) to base 10.
-561
3102 (base 7) to base 6
5000
What is -353354 (base 6) in base 15?
-90ed
What is -1033343 (base 5) in base 6?
-215113
Convert -23315 (base 7) to base 6.
-43422
What is -1557 (base 12) in base 9?
-3404
-31032 (base 4) to base 9
-1140
What is -206052 (base 7) in base 11?
-24913
Convert 1611 (base 16) to base 9.
7666
511566 (base 7) to base 15
1abec
124143 (base 6) to base 8
26037
Convert -1031332 (base 4) to base 9.
-6754
1002211 (base 4) to base 14
17a5
What is -123330 (base 4) in base 11?
-1386
-135c (base 13) to base 15
-c56
-10001101010110 (base 2) to base 15
-2a31
-15366 (base 7) to base 10
-4311
110101001100 (base 2) to base 7
12632
What is 451 (base 8) in base 16?
129
What is -174543 (base 8) in base 10?
-63843
-2747 (base 9) to base 11
-1610
-6ab (base 13) to base 15
-520
Convert -19bb (base 16) to base 3.
-100000222
What is -218 (base 14) in base 4?
-12132
What is 4295 (base 11) in base 4?
1120212
1572 (base 11) to base 15
8e5
-274 (base 14) to base 9
-608
Convert 3212 (base 7) to base 15.
50b
Convert -1110111011 (base 2) to base 12.
-677
What is -5 (base 16) in base 12?
-5
What is -1b04 (base 12) in base 2?
-110011110100
What is -202110121 (base 3) in base 4?
-3221020
What is 1251 (base 6) in base 15?
164
What is 1537 (base 10) in base 13?
913
Convert -8bd8 (base 15) to base 7.
-152345
101210202 (base 3) to base 13
377c
-4210 (base 14) to base 12
-6706
Convert bb (base 14) to base 15.
b0
What is 12216 (base 8) in base 16?
148e
-11000 (base 4) to base 2
-101000000
-2222221110 (base 3) to base 4
-32121333
Convert 166 (base 13) to base 10.
253
4657 (base 8) to base 7
10141
Convert -5704 (base 9) to base 16.
-1078
Convert 12134 (base